{"id":200,"date":"2026-01-23T20:30:59","date_gmt":"2026-01-23T19:30:59","guid":{"rendered":"https:\/\/gadgetboost.lesgeeks.eu\/?page_id=200"},"modified":"2026-03-08T08:05:43","modified_gmt":"2026-03-08T07:05:43","slug":"paiement","status":"publish","type":"page","link":"https:\/\/www.vapote-shop.fr\/index.php\/paiement\/","title":{"rendered":"Paiement"},"content":{"rendered":"\n<h2 class=\"wp-block-heading\">\ud83d\udcb3 Paiement<\/h2>\n\n\n\n<p><strong>Nous mettons tout en \u0153uvre pour vous proposer une exp\u00e9rience d\u2019achat simple et s\u00e9curis\u00e9e.<\/strong><\/p>\n\n\n\n<h3 class=\"wp-block-heading\">Moyen de paiement accept\u00e9<\/h3>\n\n\n\n<p><strong>Pour le moment, nous acceptons uniquement les paiements via :<\/strong><\/p>\n\n\n\n<p>\u2705 <strong>Carte Banquaire (paiement 100 % s\u00e9curis\u00e9)<\/strong><\/p>\n\n\n\n<p>\u2705 <strong>PayPal (paiement 100 % s\u00e9curis\u00e9)<\/strong> <strong>(paiement en 4 fois possible a partir de 30 \u20ac d&rsquo;achat)<\/strong> <\/p>\n\n\n\n<p>\u2705 <strong>Google Pay (paiement 100 % s\u00e9curis\u00e9)<\/strong><\/p>\n\n\n\n<h3 class=\"wp-block-heading\">S\u00e9curit\u00e9 des paiements<\/h3>\n\n\n\n<p><strong>Les paiements sont 100 % s\u00e9curis\u00e9<\/strong>.<br>\ud83d\udc49 <strong>Nous n\u2019avons<\/strong> <strong>jamais acc\u00e8s \u00e0 vos informations bancaires<\/strong>.<\/p>\n\n\n\n<h3 class=\"wp-block-heading\">Une question ?<\/h3>\n\n\n\n<p><strong>Si vous avez la moindre question concernant le paiement, vous pouvez nous contacter :<\/strong><br>\ud83d\udce7 <strong>par email via la page Contact<\/strong><br><strong>ou directement \u00e0 :<\/strong> <a href=\"mailto:contact@vapote-shop.fr\" title=\"\"><strong>contact@vapote-shop.fr<\/strong><\/a><\/p>\n\n\n\n<p><\/p>\n","protected":false},"excerpt":{"rendered":"<p>\ud83d\udcb3 Paiement Nous mettons tout en \u0153uvre pour vous proposer une exp\u00e9rience d\u2019achat simple et s\u00e9curis\u00e9e. Moyen de paiement accept\u00e9 Pour le moment, nous acceptons uniquement les paiements via : \u2705 Carte Banquaire (paiement 100 % s\u00e9curis\u00e9) \u2705 PayPal (paiement 100 % s\u00e9curis\u00e9) (paiement en 4 fois possible a partir de 30 \u20ac d&rsquo;achat) \u2705 [&hellip;]<\/p>\n","protected":false},"author":1,"featured_media":0,"parent":0,"menu_order":0,"comment_status":"closed","ping_status":"closed","template":"","meta":{"slim_seo":{"title":"Paiement - Vapote-Shop","description":"\ud83d\udcb3 Paiement Nous mettons tout en \u0153uvre pour vous proposer une exp\u00e9rience d\u2019achat simple et s\u00e9curis\u00e9e. Moyen de paiement accept\u00e9 Pour le moment, nous acceptons un"},"footnotes":""},"class_list":["post-200","page","type-page","status-publish","hentry"],"_links":{"self":[{"href":"https:\/\/www.vapote-shop.fr\/index.php\/wp-json\/wp\/v2\/pages\/200","targetHints":{"allow":["GET"]}}],"collection":[{"href":"https:\/\/www.vapote-shop.fr\/index.php\/wp-json\/wp\/v2\/pages"}],"about":[{"href":"https:\/\/www.vapote-shop.fr\/index.php\/wp-json\/wp\/v2\/types\/page"}],"author":[{"embeddable":true,"href":"https:\/\/www.vapote-shop.fr\/index.php\/wp-json\/wp\/v2\/users\/1"}],"replies":[{"embeddable":true,"href":"https:\/\/www.vapote-shop.fr\/index.php\/wp-json\/wp\/v2\/comments?post=200"}],"version-history":[{"count":8,"href":"https:\/\/www.vapote-shop.fr\/index.php\/wp-json\/wp\/v2\/pages\/200\/revisions"}],"predecessor-version":[{"id":1083,"href":"https:\/\/www.vapote-shop.fr\/index.php\/wp-json\/wp\/v2\/pages\/200\/revisions\/1083"}],"wp:attachment":[{"href":"https:\/\/www.vapote-shop.fr\/index.php\/wp-json\/wp\/v2\/media?parent=200"}],"curies":[{"name":"wp","href":"https:\/\/api.w.org\/{rel}","templated":true}]}}