{"id":1342,"date":"2026-03-14T08:02:19","date_gmt":"2026-03-14T07:02:19","guid":{"rendered":"https:\/\/www.vapote-shop.fr\/?post_type=product&#038;p=1342"},"modified":"2026-03-30T08:36:30","modified_gmt":"2026-03-30T06:36:30","slug":"cartouche-klypse-x3-innokin","status":"publish","type":"product","link":"https:\/\/www.vapote-shop.fr\/index.php\/produit\/cartouche-klypse-x3-innokin\/","title":{"rendered":"Cartouche Klypse (x3) Innokin<div class=\"custom-short-desc\">Pour kit Klypse \/ Klypse Zip - 2ml - R\u00e9sistance 0,8 \/ 1,2ohm - MTL - 3pcs<\/div>"},"content":{"rendered":"<div class=\"c-pdt__section c-pdt__section--columns\">\n<div id=\"description_short\" class=\"\">\n<h3 class=\"u-h2 u-mb-3\">Cartouches Klypse &#8211; Innokin<\/h3>\n<div class=\"product-description c-pdt__description c-pdt__description--recap s-cms\">\n<p>Cartouches de remplacement pour les cigarettes \u00e9lectroniques Klypse et Klypse Zip d&rsquo;Innokin.<\/p>\n<p>Profitez plus longtemps de votre kit Klypse ou Klypse Zip sans sacrifier la qualit\u00e9 de vos bouff\u00e9es en lui offrant 3 cartouches Klypse Pod 2ml flambant neuves !<\/p>\n<p>Les cartouches Klypse d&rsquo;Innokin incluent une r\u00e9sistance int\u00e9gr\u00e9e au choix de 0,8ohm ou 1,2ohm, toutes deux id\u00e9ales pour un tirage serr\u00e9 r\u00e9aliste et des e-liquides forts en nicotine. Remplacez la cartouche us\u00e9e de votre e-cigarette Klypse, et continuez \u00e0 vibrer \u00e0 ses c\u00f4t\u00e9s !<\/p>\n<p>Les cartouches de rechange pour kit Klypse d&rsquo;Innokin sont vendues par 3, sans batterie.<\/p>\n<\/div>\n<\/div>\n<\/div>\n<div class=\"c-pdt__sections c-pdt__sections--columns\">\n<div class=\"c-pdt__section c-pdt__section--columns\">\n<div id=\"description\" class=\"\">\n<div class=\"product-description c-pdt__description s-cms\">\n<h3>Cartouches Klypse \/ Klypse Zip &#8211; Innokin<\/h3>\n<p>&nbsp;<\/p>\n<p><img decoding=\"async\" class=\"center-block\" title=\"Cartouches Klypse - Innokin\" src=\"https:\/\/pro.taklope.com\/img\/descrhtml\/remplir2_2095680.jpg\" alt=\"Cartouches Klypse - Innokin\" \/><\/p>\n<p>Quel est ce go\u00fbt \u00e9trange qui s&rsquo;est install\u00e9 dans votre e-cigarette Klypse ? Ce parfum, c&rsquo;est celui du temps qui passe (et surtout de la r\u00e9sistance qui tr\u00e9passe). Si votre kit d\u00e9butant Klypse Pod ou Klypse Zip a un go\u00fbt br\u00fbl\u00e9, fuit anormalement ou semble tr\u00e8s affaibli m\u00eame lorsque la batterie est charg\u00e9e, remplacez sa cartouche pour profiter d&rsquo;une r\u00e9sistance chauffante neuve et de retour au top, comme vous l&rsquo;aimiez avant !<\/p>\n<p>Gr\u00e2ce \u00e0 ces cartouches pour kits Klypse de rechange, vous profiterez de votre e-cigarette dans les m\u00eames conditions qu&rsquo;au d\u00e9but. Meilleures saveurs, hit plus intense, les cartouches Klypse sont indispensables pour vapoter sur la dur\u00e9e ! Profitez de cartouches de rechange Klypse 2ml identiques \u00e0 l&rsquo;originale, et retrouvez les m\u00eames sensations r\u00e9alistes que lors de vos premi\u00e8res bouff\u00e9es !<\/p>\n<p><i>Astuce<\/i>\u00a0: en utilisant plusieurs\u00a0<strong>cartouches Klypse<\/strong>\u00a0de rechange simultan\u00e9ment, vous pourrez \u00e9galement changer de saveur sans les m\u00e9langer dans un m\u00eame r\u00e9servoir !<\/p>\n<p>Versions des cartouches Klypse disponibles :<\/p>\n<ul>\n<li>Klypse 0,8ohm : tirage serr\u00e9 (MTL) avec vapeur plus chaude et plus dense ;<\/li>\n<li>Klypse 1,2ohm : tirage serr\u00e9 (MTL) plus \u00e9conomique avec tirage encore plus serr\u00e9.<\/li>\n<\/ul>\n<p>Les cartouches Klypse de remplacement sont fabriqu\u00e9es par Innokin. Vendues par 3, sans batterie.<\/p>\n<p>&nbsp;<\/p>\n<p>&nbsp;<\/p>\n<hr \/>\n<p>&nbsp;<\/p>\n<p>&nbsp;<\/p>\n<h3>Conseils d&rsquo;utilisation<\/h3>\n<p>Pour une utilisation et une dur\u00e9e de vie optimales de votre kit Klypse et de ses cartouches, il est conseill\u00e9 d\u2019utiliser des e-liquides fluides, ayant un taux de glyc\u00e9rine v\u00e9g\u00e9tale (VG) ne d\u00e9passant pas 50%.<\/p>\n<p>Une cartouche us\u00e9e provoque un go\u00fbt br\u00fbl\u00e9 ou peine \u00e0 chauffer, elle produit moins de vapeur qu\u2019\u00e0 l\u2019accoutum\u00e9e et peut provoquer des fuites soudaines et r\u00e9p\u00e9t\u00e9es.<\/p>\n<p><strong>Attention<\/strong>\u00a0: avant la premi\u00e8re utilisation d\u2019une cartouche Klypse neuve, pensez \u00e0 remplir le r\u00e9servoir avec votre e-liquide. Laissez la cartouche s\u2019impr\u00e9gner du e-liquide pendant une dizaine de minutes avant de recommencer \u00e0 vaper.<\/p>\n<\/div>\n<\/div>\n<\/div>\n<div class=\"c-pdt__section\">\n<div id=\"product-details\" class=\"\" data-product=\"{&quot;id_shop_default&quot;:&quot;2&quot;,&quot;id_manufacturer&quot;:&quot;0&quot;,&quot;id_supplier&quot;:&quot;179&quot;,&quot;reference&quot;:&quot;&quot;,&quot;is_virtual&quot;:&quot;0&quot;,&quot;delivery_in_stock&quot;:&quot;&quot;,&quot;delivery_out_stock&quot;:&quot;&quot;,&quot;id_category_default&quot;:&quot;100&quot;,&quot;on_sale&quot;:&quot;0&quot;,&quot;online_only&quot;:&quot;0&quot;,&quot;ecotax&quot;:0,&quot;minimal_quantity&quot;:&quot;1&quot;,&quot;low_stock_threshold&quot;:null,&quot;low_stock_alert&quot;:&quot;0&quot;,&quot;price&quot;:&quot;3,81\\u00a0\\u20ac&quot;,&quot;unity&quot;:&quot;&quot;,&quot;unit_price_ratio&quot;:&quot;0.000000&quot;,&quot;additional_shipping_cost&quot;:&quot;0.000000&quot;,&quot;customizable&quot;:&quot;0&quot;,&quot;text_fields&quot;:&quot;0&quot;,&quot;uploadable_files&quot;:&quot;0&quot;,&quot;redirect_type&quot;:&quot;404&quot;,&quot;id_type_redirected&quot;:&quot;0&quot;,&quot;available_for_order&quot;:&quot;1&quot;,&quot;available_date&quot;:null,&quot;show_condition&quot;:&quot;0&quot;,&quot;condition&quot;:&quot;new&quot;,&quot;show_price&quot;:&quot;1&quot;,&quot;indexed&quot;:&quot;1&quot;,&quot;visibility&quot;:&quot;both&quot;,&quot;cache_default_attribute&quot;:&quot;255839&quot;,&quot;advanced_stock_management&quot;:&quot;1&quot;,&quot;date_add&quot;:&quot;2022-06-01 14:44:33&quot;,&quot;date_upd&quot;:&quot;2025-10-20 10:39:57&quot;,&quot;pack_stock_type&quot;:&quot;0&quot;,&quot;meta_keywords&quot;:&quot;&quot;,&quot;link_rewrite&quot;:&quot;cartouches-klypse-innokin&quot;,&quot;name&quot;:&quot;Cartouches Klypse - Innokin&quot;,&quot;available_now&quot;:&quot;&quot;,&quot;available_later&quot;:&quot;&quot;,&quot;id&quot;:14497,&quot;id_product&quot;:14497,&quot;out_of_stock&quot;:2,&quot;new&quot;:0,&quot;id_product_attribute&quot;:255839,&quot;quantity_wanted&quot;:1,&quot;allow_oosp&quot;:0,&quot;category&quot;:&quot;innokin&quot;,&quot;category_name&quot;:&quot;Innokin&quot;,&quot;link&quot;:&quot;https:\\\/\\\/pro.taklope.com\\\/innokin\\\/14497-cartouches-klypse-innokin.html&quot;,&quot;attribute_price&quot;:0,&quot;price_tax_exc&quot;:3.810000000000000053290705182007513940334320068359375,&quot;price_without_reduction&quot;:3.810000000000000053290705182007513940334320068359375,&quot;reduction&quot;:0,&quot;specific_prices&quot;:{&quot;id_specific_price&quot;:&quot;26842977&quot;,&quot;id_specific_price_rule&quot;:&quot;0&quot;,&quot;id_cart&quot;:&quot;0&quot;,&quot;id_product&quot;:&quot;14497&quot;,&quot;id_product_attribute&quot;:&quot;0&quot;,&quot;id_shop&quot;:&quot;2&quot;,&quot;id_shop_group&quot;:&quot;0&quot;,&quot;id_currency&quot;:&quot;0&quot;,&quot;id_country&quot;:&quot;0&quot;,&quot;id_group&quot;:&quot;22&quot;,&quot;id_customer&quot;:&quot;0&quot;,&quot;price&quot;:3.810000000000000053290705182007513940334320068359375,&quot;from_quantity&quot;:&quot;1&quot;,&quot;reduction&quot;:&quot;0.000000&quot;,&quot;reduction_tax&quot;:&quot;1&quot;,&quot;reduction_type&quot;:&quot;percentage&quot;,&quot;from&quot;:&quot;0000-00-00 00:00:00&quot;,&quot;to&quot;:&quot;0000-00-00 00:00:00&quot;,&quot;score&quot;:&quot;18&quot;},&quot;quantity&quot;:330,&quot;quantity_all_versions&quot;:438,&quot;id_image&quot;:&quot;fr-default&quot;,&quot;attachments&quot;:[],&quot;virtual&quot;:0,&quot;pack&quot;:0,&quot;packItems&quot;:[],&quot;nopackprice&quot;:0,&quot;customization_required&quot;:false,&quot;attributes&quot;:{&quot;16&quot;:{&quot;id_attribute&quot;:&quot;39340&quot;,&quot;id_attribute_group&quot;:&quot;16&quot;,&quot;name&quot;:&quot;0.8 Ohm&quot;,&quot;group&quot;:&quot;Valeur&quot;,&quot;reference&quot;:&quot;&quot;,&quot;ean13&quot;:&quot;6921426673118&quot;,&quot;isbn&quot;:&quot;&quot;,&quot;upc&quot;:&quot;&quot;,&quot;mpn&quot;:&quot;&quot;}},&quot;rate&quot;:20,&quot;tax_name&quot;:&quot;TVA FR 20%&quot;,&quot;ecotax_rate&quot;:0,&quot;unit_price&quot;:&quot;&quot;,&quot;customizations&quot;:{&quot;fields&quot;:[]},&quot;id_customization&quot;:0,&quot;is_customizable&quot;:false,&quot;show_quantities&quot;:true,&quot;quantity_label&quot;:&quot;Produits&quot;,&quot;quantity_discounts&quot;:[],&quot;customer_group_discount&quot;:0,&quot;images&quot;:[{&quot;bySize&quot;:{&quot;small_default&quot;:{&quot;url&quot;:&quot;https:\\\/\\\/media.taklope.com\\\/58761-small_default\\\/cartouches-klypse-innokin.jpg&quot;,&quot;width&quot;:98,&quot;height&quot;:98},&quot;cart_default&quot;:{&quot;url&quot;:&quot;https:\\\/\\\/media.taklope.com\\\/58761-cart_default\\\/cartouches-klypse-innokin.jpg&quot;,&quot;width&quot;:125,&quot;height&quot;:125},&quot;home_default&quot;:{&quot;url&quot;:&quot;https:\\\/\\\/media.taklope.com\\\/58761-home_default\\\/cartouches-klypse-innokin.jpg&quot;,&quot;width&quot;:250,&quot;height&quot;:250},&quot;medium_default&quot;:{&quot;url&quot;:&quot;https:\\\/\\\/media.taklope.com\\\/58761-medium_default\\\/cartouches-klypse-innokin.jpg&quot;,&quot;width&quot;:452,&quot;height&quot;:452},&quot;large_default&quot;:{&quot;url&quot;:&quot;https:\\\/\\\/media.taklope.com\\\/58761-large_default\\\/cartouches-klypse-innokin.jpg&quot;,&quot;width&quot;:1000,&quot;height&quot;:1000}},&quot;small&quot;:{&quot;url&quot;:&quot;https:\\\/\\\/media.taklope.com\\\/58761-small_default\\\/cartouches-klypse-innokin.jpg&quot;,&quot;width&quot;:98,&quot;height&quot;:98},&quot;medium&quot;:{&quot;url&quot;:&quot;https:\\\/\\\/media.taklope.com\\\/58761-home_default\\\/cartouches-klypse-innokin.jpg&quot;,&quot;width&quot;:250,&quot;height&quot;:250},&quot;large&quot;:{&quot;url&quot;:&quot;https:\\\/\\\/media.taklope.com\\\/58761-large_default\\\/cartouches-klypse-innokin.jpg&quot;,&quot;width&quot;:1000,&quot;height&quot;:1000},&quot;legend&quot;:&quot;Cartouches Klypse - Innokin&quot;,&quot;id_image&quot;:&quot;58761&quot;,&quot;cover&quot;:null,&quot;position&quot;:&quot;2&quot;,&quot;associatedVariants&quot;:[&quot;259942&quot;]}],&quot;cover&quot;:{&quot;bySize&quot;:{&quot;small_default&quot;:{&quot;url&quot;:&quot;https:\\\/\\\/media.taklope.com\\\/51987-small_default\\\/cartouches-klypse-innokin.jpg&quot;,&quot;width&quot;:98,&quot;height&quot;:98},&quot;cart_default&quot;:{&quot;url&quot;:&quot;https:\\\/\\\/media.taklope.com\\\/51987-cart_default\\\/cartouches-klypse-innokin.jpg&quot;,&quot;width&quot;:125,&quot;height&quot;:125},&quot;home_default&quot;:{&quot;url&quot;:&quot;https:\\\/\\\/media.taklope.com\\\/51987-home_default\\\/cartouches-klypse-innokin.jpg&quot;,&quot;width&quot;:250,&quot;height&quot;:250},&quot;medium_default&quot;:{&quot;url&quot;:&quot;https:\\\/\\\/media.taklope.com\\\/51987-medium_default\\\/cartouches-klypse-innokin.jpg&quot;,&quot;width&quot;:452,&quot;height&quot;:452},&quot;large_default&quot;:{&quot;url&quot;:&quot;https:\\\/\\\/media.taklope.com\\\/51987-large_default\\\/cartouches-klypse-innokin.jpg&quot;,&quot;width&quot;:1000,&quot;height&quot;:1000}},&quot;small&quot;:{&quot;url&quot;:&quot;https:\\\/\\\/media.taklope.com\\\/51987-small_default\\\/cartouches-klypse-innokin.jpg&quot;,&quot;width&quot;:98,&quot;height&quot;:98},&quot;medium&quot;:{&quot;url&quot;:&quot;https:\\\/\\\/media.taklope.com\\\/51987-home_default\\\/cartouches-klypse-innokin.jpg&quot;,&quot;width&quot;:250,&quot;height&quot;:250},&quot;large&quot;:{&quot;url&quot;:&quot;https:\\\/\\\/media.taklope.com\\\/51987-large_default\\\/cartouches-klypse-innokin.jpg&quot;,&quot;width&quot;:1000,&quot;height&quot;:1000},&quot;legend&quot;:&quot;Cartouches Klypse Innokin, Cartouches Kit Pod - Taklope&quot;,&quot;id_image&quot;:&quot;51987&quot;},&quot;has_discount&quot;:false,&quot;discount_type&quot;:&quot;percentage&quot;,&quot;discount_percentage&quot;:&quot;0%&quot;,&quot;discount_percentage_absolute&quot;:&quot;0%&quot;,&quot;discount_amount&quot;:&quot;0,00\\u00a0\\u20ac&quot;,&quot;discount_amount_to_display&quot;:&quot;-0,00\\u00a0\\u20ac&quot;,&quot;price_amount&quot;:3.810000000000000053290705182007513940334320068359375,&quot;unit_price_full&quot;:&quot;&quot;,&quot;show_availability&quot;:true,&quot;availability_date&quot;:null,&quot;availability_message&quot;:&quot;&quot;,&quot;availability&quot;:&quot;available&quot;}\">\n<section class=\"product-features\">\n<p class=\"u-h2 u-mb-3\">Fiche technique<\/p>\n<div id=\"readmore-pdt-features\" class=\"u-mb-2\" data-readmore=\"\" aria-expanded=\"true\">\n<table class=\"data-sheet table table-striped u-mb-0\">\n<tbody>\n<tr class=\"c-pdt__features-row\">\n<th class=\"name\">Marque Compatible<\/th>\n<td class=\"value\">Innokin<\/td>\n<\/tr>\n<tr class=\"c-pdt__features-row\">\n<th class=\"name\">Slider<\/th>\n<td class=\"value\">1,2<\/td>\n<\/tr>\n<tr class=\"c-pdt__features-row\">\n<th class=\"name\">Connectique<\/th>\n<td class=\"value\">Propri\u00e9taire<\/td>\n<\/tr>\n<tr class=\"c-pdt__features-row\">\n<th class=\"name\">R\u00e9servoir<\/th>\n<td class=\"value\">Plastique PCTG<\/td>\n<\/tr>\n<tr class=\"c-pdt__features-row\">\n<th class=\"name\">Valeur de la r\u00e9sistance<\/th>\n<td class=\"value\">0,8 \/ 1,2ohm<\/td>\n<\/tr>\n<tr class=\"c-pdt__features-row\">\n<th class=\"name\">Type de r\u00e9sistance<\/th>\n<td class=\"value\">Scell\u00e9e<\/td>\n<\/tr>\n<tr class=\"c-pdt__features-row\">\n<th class=\"name\">Taille Drip Tip<\/th>\n<td class=\"value\">Propri\u00e9taire<\/td>\n<\/tr>\n<tr class=\"c-pdt__features-row\">\n<th class=\"name\">Air Flow<\/th>\n<td class=\"value\">Non r\u00e9glable<\/td>\n<\/tr>\n<tr class=\"c-pdt__features-row\">\n<th class=\"name\">Type de produit<\/th>\n<td class=\"value\">Cartouche<\/td>\n<\/tr>\n<tr class=\"c-pdt__features-row\">\n<th class=\"name\">Marque<\/th>\n<td class=\"value\">INNOKIN<\/td>\n<\/tr>\n<tr class=\"c-pdt__features-row\">\n<th class=\"name\">Contenance (en ml)<\/th>\n<td class=\"value\">2<\/td>\n<\/tr>\n<tr class=\"c-pdt__features-row\">\n<th class=\"name\">Inhalation<\/th>\n<td class=\"value\">Indirecte \/ Serr\u00e9<\/td>\n<\/tr>\n<tr class=\"c-pdt__features-row\">\n<th class=\"name\">Arriv\u00e9e d&rsquo;air<\/th>\n<td class=\"value\">Par le bas<\/td>\n<\/tr>\n<tr class=\"c-pdt__features-row\">\n<th class=\"name\">Remplissage<\/th>\n<td class=\"value\">Lat\u00e9ral<\/td>\n<\/tr>\n<tr class=\"c-pdt__features-row\">\n<th class=\"name\">Option clearomiseur<\/th>\n<td class=\"value\">Non<\/td>\n<\/tr>\n<tr class=\"c-pdt__features-row\">\n<th class=\"name\">Compatibilit\u00e9 Kit<\/th>\n<td class=\"value\">Klypse &#8211; Innokin<\/td>\n<\/tr>\n<\/tbody>\n<\/table>\n<\/div>\n<\/section>\n<\/div>\n<\/div>\n<div class=\"c-pdt__section c-pdt__section--columns\">\n<div id=\"manufacturer\" class=\"\">\n<div class=\"u-p-rel u-mb-1\">\n<div class=\"c-pdt__manu-thumbnail\"><img loading=\"lazy\" decoding=\"async\" class=\"u-img-fluid\" src=\"https:\/\/media.taklope.com\/c\/100-category_default\/innokin.jpg\" alt=\"Innokin\" width=\"250\" height=\"50\" \/><\/div>\n<p>Innokin<\/p>\n<\/div>\n<div id=\"readmore-pdt-manufacturer\" class=\"c-pdt__manu-desc\" data-readmore=\"\" aria-expanded=\"true\">\n<p class=\"u-fiv\">Cr\u00e9\u00e9 en 2011 dans le but de conjuguer innovation, design et qualit\u00e9 dans des \u00e9quipements de vape avanc\u00e9s, Innokin est aujourd\u2019hui devenu un des leaders mondiaux dans l\u2019industrie de la vape. Certifi\u00e9 ISO9001 et ISO14000, GMP, CE, ROHS, FCC, etc. les \u00e9quipes d\u2019Innokin s&rsquo;efforcent quotidiennement de concevoir des mat\u00e9riels uniques, high-tech et in\u00e9gal\u00e9s. Intuitif, ergonomique et simple d\u2019utilisation, chaque vapoteur pourra trouver l\u2019\u00e9quipement qui lui convient chez Innokin.<\/p>\n<\/div>\n<\/div>\n<\/div>\n<\/div>\n<hr data-start=\"600\" data-end=\"603\" \/>\n","protected":false},"excerpt":{"rendered":"<p>Pour kit Klypse \/ Klypse Zip &#8211; 2ml &#8211; R\u00e9sistance 0,8 \/ 1,2ohm &#8211; MTL &#8211; 3pcs<\/p>\n","protected":false},"featured_media":1343,"comment_status":"open","ping_status":"closed","template":"","meta":{"slim_seo":{"title":"Cartouche Klypse (x3) Innokin - Vapote-Shop","description":"Pour kit Klypse \/ Klypse Zip - 2ml - R\u00e9sistance 0,8 \/ 1,2ohm - MTL - 3pcs"}},"product_brand":[48],"product_cat":[74,52],"product_tag":[],"class_list":{"0":"post-1342","1":"product","2":"type-product","3":"status-publish","4":"has-post-thumbnail","6":"product_brand-innokin","7":"product_cat-cartouches","8":"product_cat-meilleures-ventes","10":"first","11":"instock","12":"shipping-taxable","13":"purchasable","14":"product-type-variable","15":"has-default-attributes"},"_links":{"self":[{"href":"https:\/\/www.vapote-shop.fr\/index.php\/wp-json\/wp\/v2\/product\/1342","targetHints":{"allow":["GET"]}}],"collection":[{"href":"https:\/\/www.vapote-shop.fr\/index.php\/wp-json\/wp\/v2\/product"}],"about":[{"href":"https:\/\/www.vapote-shop.fr\/index.php\/wp-json\/wp\/v2\/types\/product"}],"replies":[{"embeddable":true,"href":"https:\/\/www.vapote-shop.fr\/index.php\/wp-json\/wp\/v2\/comments?post=1342"}],"wp:featuredmedia":[{"embeddable":true,"href":"https:\/\/www.vapote-shop.fr\/index.php\/wp-json\/wp\/v2\/media\/1343"}],"wp:attachment":[{"href":"https:\/\/www.vapote-shop.fr\/index.php\/wp-json\/wp\/v2\/media?parent=1342"}],"wp:term":[{"taxonomy":"product_brand","embeddable":true,"href":"https:\/\/www.vapote-shop.fr\/index.php\/wp-json\/wp\/v2\/product_brand?post=1342"},{"taxonomy":"product_cat","embeddable":true,"href":"https:\/\/www.vapote-shop.fr\/index.php\/wp-json\/wp\/v2\/product_cat?post=1342"},{"taxonomy":"product_tag","embeddable":true,"href":"https:\/\/www.vapote-shop.fr\/index.php\/wp-json\/wp\/v2\/product_tag?post=1342"}],"curies":[{"name":"wp","href":"https:\/\/api.w.org\/{rel}","templated":true}]}}