{"id":2138,"date":"2026-03-31T07:11:22","date_gmt":"2026-03-31T05:11:22","guid":{"rendered":"https:\/\/www.vapote-shop.fr\/?post_type=product&#038;p=2138"},"modified":"2026-04-01T07:07:13","modified_gmt":"2026-04-01T05:07:13","slug":"e-liquide-butterscotch-popcorn-200ml-pud-joes-juice","status":"publish","type":"product","link":"https:\/\/www.vapote-shop.fr\/index.php\/produit\/e-liquide-butterscotch-popcorn-200ml-pud-joes-juice\/","title":{"rendered":"E-liquide Butterscotch Popcorn 200ml P\u00fcd &#8211; Joe&rsquo;s Juice<div class=\"custom-short-desc\">Popcorn - Caramel au beurre - 200ml - 30\/70 PG VG - 0 mg<\/div>"},"content":{"rendered":"<div class=\"c-pdt__section c-pdt__section--columns\">\n<div id=\"description_short\" class=\"\">\n<h3 class=\"u-h2 u-mb-3\">E-liquide Butterscotch Popcorn 200ml P\u00fcd &#8211; Joe&rsquo;s Juice<\/h3>\n<div class=\"product-description c-pdt__description c-pdt__description--recap s-cms\">\n<p class=\"u-fiv\">Avec Butterscotch Popcorn 200ml P\u00fcd, Joe\u2019s Juice vous invite \u00e0 faire le plein de rebondissements. Un seau de popcorns bien gonfl\u00e9s, le moelleux d\u2019\u00e9clats de caramel au beurre. Si votre film n\u2019est pas de bon go\u00fbt, ce ne sera pas le cas pour la d\u00e9gustation !<\/p>\n<ul>\n<li><span style=\"color: red;\">Saveur : Popcorn &#8211; Caramel au beurre<\/span><\/li>\n<li><span style=\"color: red;\">E-liquide\u00a030\/70 PG\/VG.<\/span><\/li>\n<li><span style=\"color: red;\">Format 200ml sans nicotine (0mg). Embout twist inclus.<\/span><\/li>\n<li>L\u2019e-liquide Butterscotch Popcorn 200ml est fabriqu\u00e9 en Angleterre par Joe\u2019s Juice pour la gamme P\u00fcd.<\/li>\n<\/ul>\n<p><i><u>Note<\/u> : <span style=\"color: red;\">Cet\u00a0e-liquide Joe\u2019s Juice\u00a0est conseill\u00e9 pour des r\u00e9sistances de 0,15 \u00e0 0,5\uab65.<\/span><\/i><\/p>\n<\/div>\n<\/div>\n<\/div>\n<div class=\"c-pdt__sections c-pdt__sections--columns\">\n<div class=\"c-pdt__section c-pdt__section--columns\">\n<div id=\"description\" class=\"\">\n<div class=\"product-description c-pdt__description s-cms\">\n<h3>E-liquide Butterscotch Popcorn 200ml P\u00fcd &#8211; Joe\u2019s Juice<\/h3>\n<p>&nbsp;<\/p>\n<p><img decoding=\"async\" class=\"center-block\" src=\"https:\/\/pro.taklope.com\/img\/descrhtml\/1_2071207.jpg\" alt=\"1_2071207.jpg\" \/><\/p>\n<p class=\"u-fiv\">Pour les cigarettes \u00e9lectroniques, pas de soir\u00e9e devant le grand \u00e9cran sans un e-liquide en version longue de 200ml : l\u2019e-liquide Butterscotch Popcorn P\u00fcd Joe\u2019s Juice, compos\u00e9 d\u2019ar\u00f4mes de\u00a0popcorn\u00a0et de\u00a0caramel au beurre. Un e-liquide complexe en grand format.<\/p>\n<p>E-liquide en grand format 200ml non nicotin\u00e9 et \u00e0 booster, fabriqu\u00e9 en Angleterre par Joe\u2019s Juice pour la gamme P\u00fcd.<\/p>\n<p>&nbsp;<\/p>\n<hr \/>\n<p>&nbsp;<\/p>\n<h3>Base du e-liquide Joe\u2019s Juice P\u00fcd 200ml Butterscotch Popcorn :<\/h3>\n<ul>\n<li>30 % : Propyl\u00e8ne Glycol<\/li>\n<li>70 % : Glyc\u00e9rine V\u00e9g\u00e9tale<\/li>\n<\/ul>\n<p>&nbsp;<\/p>\n<p>Le e-liquide Butterscotch Popcorn P\u00fcd 200ml est fabriqu\u00e9 sur une base \u00e9paisse 30\/70 PG\/VG par Joe\u2019s Juice.<\/p>\n<p><i><u>Note<\/u>\u00a0: <span style=\"color: red;\">Une base 30\/70 PG\/VG est plus pr\u00e9cis\u00e9ment conseill\u00e9e pour des r\u00e9sistances comprises entre 0,15 et 0,5\uab65, qui \u00e9quipent de nombreuses cigarettes \u00e9lectroniques subohm.<\/span><\/i><\/p>\n<p>&nbsp;<\/p>\n<hr \/>\n<p>&nbsp;<\/p>\n<h3>Comment booster le e-liquide 200ml Joe\u2019s Juice P\u00fcd Butterscotch Popcorn ?<\/h3>\n<p>Le e-liquide Butterscotch Popcorn P\u00fcd a une contenance de 200ml. Il ne contient pas de nicotine (0mg) et peut \u00eatre vapot\u00e9 tel quel, ou \u00eatre m\u00e9lang\u00e9 petit \u00e0 petit \u00e0 des\u00a0boosters nicotin\u00e9s\u00a0<span style=\"color: red;\">(non inclus)<\/span> pour obtenir un faible dosage en nicotine sans perte de saveur. Car l\u2019e-liquide Joe\u2019s Juice Butterscotch Popcorn 200ml P\u00fcd est boost\u00e9 en ar\u00f4mes.<br \/>\nPour vapoter l\u2019e-liquide Butterscotch Popcorn avec nicotine, vous pourrez soit :<\/p>\n<ul>\n<li>M\u00e9langer 50ml d&rsquo;e-liquide et un booster de nicotine dans un flacon de 60ml (non inclus) pour obtenir 60ml d\u2019e-liquide Joe\u2019s Juice P\u00fcd Butterscotch Popcorn nicotin\u00e9 \u00e0 3,3mg,<\/li>\n<li>M\u00e9langer 100ml d&rsquo;e-liquide Butterscotch Popcorn et un booster de nicotine dans un flacon d&rsquo;au moins 110ml (non inclus) pour obtenir 110ml nicotin\u00e9s \u00e0 1,8mg.<\/li>\n<\/ul>\n<p><i><u>Note<\/u>\u00a0: Il est d\u00e9conseill\u00e9 d\u2019ajouter plus d\u2019un booster \u00e0 50ml d\u2019e-liquide Butterscotch Popcorn P\u00fcd. Au-del\u00e0, les ar\u00f4mes seront trop dilu\u00e9s et perdront en intensit\u00e9.<\/i><\/p>\n<p>&nbsp;<\/p>\n<p><img decoding=\"async\" class=\"center-block\" src=\"https:\/\/pro.taklope.com\/img\/descrhtml\/tableauBooster200ml_1846039.jpg\" alt=\"tableauBooster200ml_1846039.jpg\" \/><\/p>\n<p>&nbsp;<\/p>\n<h3>Conservation de votre e-liquide Butterscotch Popcorn P\u00fcd Joe\u2019s Juice 200ml<\/h3>\n<p>Pour une conservation optimale jour apr\u00e8s jour, conservez votre e-liquide Butterscotch Popcorn 200ml dans un endroit sec et \u00e0 temp\u00e9rature ambiante. Ne l\u2019exposez pas en permanence \u00e0 la lumi\u00e8re et rebouchez soigneusement le flacon apr\u00e8s usage.<\/p>\n<p>Un\u00a0e-liquide grand format\u00a0Joe\u2019s Juice P\u00fcd bien conserv\u00e9 pourra \u00eatre consomm\u00e9 apr\u00e8s d\u00e9passement de sa DLUO, sans perte significative de saveur.<\/p>\n<\/div>\n<\/div>\n<\/div>\n<div class=\"c-pdt__section\">\n<div id=\"product-details\" class=\"\" data-product=\"{&quot;id_shop_default&quot;:&quot;2&quot;,&quot;id_manufacturer&quot;:&quot;0&quot;,&quot;id_supplier&quot;:&quot;7&quot;,&quot;reference&quot;:&quot;&quot;,&quot;is_virtual&quot;:&quot;0&quot;,&quot;delivery_in_stock&quot;:&quot;&quot;,&quot;delivery_out_stock&quot;:&quot;&quot;,&quot;id_category_default&quot;:&quot;1806&quot;,&quot;on_sale&quot;:&quot;0&quot;,&quot;online_only&quot;:&quot;0&quot;,&quot;ecotax&quot;:0,&quot;minimal_quantity&quot;:&quot;1&quot;,&quot;low_stock_threshold&quot;:null,&quot;low_stock_alert&quot;:&quot;0&quot;,&quot;price&quot;:&quot;9,66\\u00a0\\u20ac&quot;,&quot;unity&quot;:&quot;&quot;,&quot;unit_price_ratio&quot;:&quot;0.000000&quot;,&quot;additional_shipping_cost&quot;:&quot;0.000000&quot;,&quot;customizable&quot;:&quot;0&quot;,&quot;text_fields&quot;:&quot;0&quot;,&quot;uploadable_files&quot;:&quot;0&quot;,&quot;redirect_type&quot;:&quot;404&quot;,&quot;id_type_redirected&quot;:&quot;0&quot;,&quot;available_for_order&quot;:&quot;1&quot;,&quot;available_date&quot;:&quot;0000-00-00&quot;,&quot;show_condition&quot;:&quot;0&quot;,&quot;condition&quot;:&quot;new&quot;,&quot;show_price&quot;:&quot;1&quot;,&quot;indexed&quot;:&quot;1&quot;,&quot;visibility&quot;:&quot;both&quot;,&quot;cache_default_attribute&quot;:&quot;0&quot;,&quot;advanced_stock_management&quot;:&quot;1&quot;,&quot;date_add&quot;:&quot;2022-04-19 08:00:00&quot;,&quot;date_upd&quot;:&quot;2026-03-20 13:24:07&quot;,&quot;pack_stock_type&quot;:&quot;0&quot;,&quot;meta_keywords&quot;:&quot;&quot;,&quot;link_rewrite&quot;:&quot;butterscotch-popcorn-200ml&quot;,&quot;name&quot;:&quot;E-liquide Butterscotch Popcorn 200ml P\\u00fcd - Joe's Juice&quot;,&quot;available_now&quot;:&quot;&quot;,&quot;available_later&quot;:&quot;&quot;,&quot;id&quot;:14399,&quot;id_product&quot;:14399,&quot;out_of_stock&quot;:2,&quot;new&quot;:0,&quot;id_product_attribute&quot;:&quot;0&quot;,&quot;quantity_wanted&quot;:1,&quot;allow_oosp&quot;:0,&quot;category&quot;:&quot;joe-s-juice&quot;,&quot;category_name&quot;:&quot;Joe's Juice&quot;,&quot;link&quot;:&quot;https:\\\/\\\/pro.taklope.com\\\/joe-s-juice\\\/14399-butterscotch-popcorn-200ml.html&quot;,&quot;attribute_price&quot;:0,&quot;price_tax_exc&quot;:9.660000000000000142108547152020037174224853515625,&quot;price_without_reduction&quot;:9.660000000000000142108547152020037174224853515625,&quot;reduction&quot;:0,&quot;specific_prices&quot;:{&quot;id_specific_price&quot;:&quot;26832549&quot;,&quot;id_specific_price_rule&quot;:&quot;0&quot;,&quot;id_cart&quot;:&quot;0&quot;,&quot;id_product&quot;:&quot;14399&quot;,&quot;id_product_attribute&quot;:&quot;0&quot;,&quot;id_shop&quot;:&quot;2&quot;,&quot;id_shop_group&quot;:&quot;0&quot;,&quot;id_currency&quot;:&quot;0&quot;,&quot;id_country&quot;:&quot;0&quot;,&quot;id_group&quot;:&quot;22&quot;,&quot;id_customer&quot;:&quot;0&quot;,&quot;price&quot;:9.660000000000000142108547152020037174224853515625,&quot;from_quantity&quot;:&quot;1&quot;,&quot;reduction&quot;:&quot;0.000000&quot;,&quot;reduction_tax&quot;:&quot;1&quot;,&quot;reduction_type&quot;:&quot;percentage&quot;,&quot;from&quot;:&quot;0000-00-00 00:00:00&quot;,&quot;to&quot;:&quot;0000-00-00 00:00:00&quot;,&quot;score&quot;:&quot;18&quot;},&quot;quantity&quot;:8,&quot;quantity_all_versions&quot;:8,&quot;id_image&quot;:&quot;fr-default&quot;,&quot;attachments&quot;:[],&quot;virtual&quot;:0,&quot;pack&quot;:0,&quot;packItems&quot;:[],&quot;nopackprice&quot;:0,&quot;customization_required&quot;:false,&quot;rate&quot;:20,&quot;tax_name&quot;:&quot;TVA FR 20%&quot;,&quot;ecotax_rate&quot;:0,&quot;unit_price&quot;:&quot;&quot;,&quot;customizations&quot;:{&quot;fields&quot;:[]},&quot;id_customization&quot;:0,&quot;is_customizable&quot;:false,&quot;show_quantities&quot;:true,&quot;quantity_label&quot;:&quot;Produits&quot;,&quot;quantity_discounts&quot;:[],&quot;customer_group_discount&quot;:0,&quot;images&quot;:[{&quot;bySize&quot;:{&quot;small_default&quot;:{&quot;url&quot;:&quot;https:\\\/\\\/media.taklope.com\\\/51232-small_default\\\/butterscotch-popcorn-200ml.jpg&quot;,&quot;width&quot;:98,&quot;height&quot;:98},&quot;cart_default&quot;:{&quot;url&quot;:&quot;https:\\\/\\\/media.taklope.com\\\/51232-cart_default\\\/butterscotch-popcorn-200ml.jpg&quot;,&quot;width&quot;:125,&quot;height&quot;:125},&quot;home_default&quot;:{&quot;url&quot;:&quot;https:\\\/\\\/media.taklope.com\\\/51232-home_default\\\/butterscotch-popcorn-200ml.jpg&quot;,&quot;width&quot;:250,&quot;height&quot;:250},&quot;medium_default&quot;:{&quot;url&quot;:&quot;https:\\\/\\\/media.taklope.com\\\/51232-medium_default\\\/butterscotch-popcorn-200ml.jpg&quot;,&quot;width&quot;:452,&quot;height&quot;:452},&quot;large_default&quot;:{&quot;url&quot;:&quot;https:\\\/\\\/media.taklope.com\\\/51232-large_default\\\/butterscotch-popcorn-200ml.jpg&quot;,&quot;width&quot;:1000,&quot;height&quot;:1000}},&quot;small&quot;:{&quot;url&quot;:&quot;https:\\\/\\\/media.taklope.com\\\/51232-small_default\\\/butterscotch-popcorn-200ml.jpg&quot;,&quot;width&quot;:98,&quot;height&quot;:98},&quot;medium&quot;:{&quot;url&quot;:&quot;https:\\\/\\\/media.taklope.com\\\/51232-home_default\\\/butterscotch-popcorn-200ml.jpg&quot;,&quot;width&quot;:250,&quot;height&quot;:250},&quot;large&quot;:{&quot;url&quot;:&quot;https:\\\/\\\/media.taklope.com\\\/51232-large_default\\\/butterscotch-popcorn-200ml.jpg&quot;,&quot;width&quot;:1000,&quot;height&quot;:1000},&quot;legend&quot;:&quot;Butterscotch Popcorn 200ml P\\u00fcd - Joe's Juice&quot;,&quot;id_image&quot;:&quot;51232&quot;,&quot;cover&quot;:&quot;1&quot;,&quot;position&quot;:&quot;1&quot;,&quot;associatedVariants&quot;:[]}],&quot;cover&quot;:{&quot;bySize&quot;:{&quot;small_default&quot;:{&quot;url&quot;:&quot;https:\\\/\\\/media.taklope.com\\\/51232-small_default\\\/butterscotch-popcorn-200ml.jpg&quot;,&quot;width&quot;:98,&quot;height&quot;:98},&quot;cart_default&quot;:{&quot;url&quot;:&quot;https:\\\/\\\/media.taklope.com\\\/51232-cart_default\\\/butterscotch-popcorn-200ml.jpg&quot;,&quot;width&quot;:125,&quot;height&quot;:125},&quot;home_default&quot;:{&quot;url&quot;:&quot;https:\\\/\\\/media.taklope.com\\\/51232-home_default\\\/butterscotch-popcorn-200ml.jpg&quot;,&quot;width&quot;:250,&quot;height&quot;:250},&quot;medium_default&quot;:{&quot;url&quot;:&quot;https:\\\/\\\/media.taklope.com\\\/51232-medium_default\\\/butterscotch-popcorn-200ml.jpg&quot;,&quot;width&quot;:452,&quot;height&quot;:452},&quot;large_default&quot;:{&quot;url&quot;:&quot;https:\\\/\\\/media.taklope.com\\\/51232-large_default\\\/butterscotch-popcorn-200ml.jpg&quot;,&quot;width&quot;:1000,&quot;height&quot;:1000}},&quot;small&quot;:{&quot;url&quot;:&quot;https:\\\/\\\/media.taklope.com\\\/51232-small_default\\\/butterscotch-popcorn-200ml.jpg&quot;,&quot;width&quot;:98,&quot;height&quot;:98},&quot;medium&quot;:{&quot;url&quot;:&quot;https:\\\/\\\/media.taklope.com\\\/51232-home_default\\\/butterscotch-popcorn-200ml.jpg&quot;,&quot;width&quot;:250,&quot;height&quot;:250},&quot;large&quot;:{&quot;url&quot;:&quot;https:\\\/\\\/media.taklope.com\\\/51232-large_default\\\/butterscotch-popcorn-200ml.jpg&quot;,&quot;width&quot;:1000,&quot;height&quot;:1000},&quot;legend&quot;:&quot;Butterscotch Popcorn 200ml P\\u00fcd - Joe's Juice&quot;,&quot;id_image&quot;:&quot;51232&quot;,&quot;cover&quot;:&quot;1&quot;,&quot;position&quot;:&quot;1&quot;,&quot;associatedVariants&quot;:[]},&quot;has_discount&quot;:false,&quot;discount_type&quot;:&quot;percentage&quot;,&quot;discount_percentage&quot;:&quot;0%&quot;,&quot;discount_percentage_absolute&quot;:&quot;0%&quot;,&quot;discount_amount&quot;:&quot;0,00\\u00a0\\u20ac&quot;,&quot;discount_amount_to_display&quot;:&quot;-0,00\\u00a0\\u20ac&quot;,&quot;price_amount&quot;:9.660000000000000142108547152020037174224853515625,&quot;unit_price_full&quot;:&quot;&quot;,&quot;show_availability&quot;:true,&quot;availability_date&quot;:null,&quot;availability_message&quot;:&quot;&quot;,&quot;availability&quot;:&quot;available&quot;}\">\n<section class=\"product-features\">\n<p class=\"u-h2 u-mb-3\">Fiche technique<\/p>\n<div id=\"readmore-pdt-features\" class=\"u-mb-2\" data-readmore=\"\" aria-expanded=\"true\">\n<table class=\"data-sheet table table-striped u-mb-0\">\n<tbody>\n<tr class=\"c-pdt__features-row\">\n<th class=\"name\">Type de produit<\/th>\n<td class=\"value\">E-liquide<\/td>\n<\/tr>\n<tr class=\"c-pdt__features-row\">\n<th class=\"name\">Marque<\/th>\n<td class=\"value\">JOE&rsquo;S JUICE<\/td>\n<\/tr>\n<tr class=\"c-pdt__features-row\">\n<th class=\"name\">Type de saveur<\/th>\n<td class=\"value\">Gourmande<\/td>\n<\/tr>\n<tr class=\"c-pdt__features-row\">\n<th class=\"name\">Dosage PG\/VG<\/th>\n<td class=\"value\">30\/70 &#8211; PG\/VG<\/td>\n<\/tr>\n<tr class=\"c-pdt__features-row\">\n<th class=\"name\">Contenance (en ml)<\/th>\n<td class=\"value\">200<\/td>\n<\/tr>\n<tr class=\"c-pdt__features-row\">\n<th class=\"name\">Origine<\/th>\n<td class=\"value\">Angleterre<\/td>\n<\/tr>\n<tr class=\"c-pdt__features-row\">\n<th class=\"name\">Type e-liquide<\/th>\n<td class=\"value\">Boost\u00e9 en ar\u00f4me<\/td>\n<\/tr>\n<\/tbody>\n<\/table>\n<\/div>\n<\/section>\n<\/div>\n<\/div>\n<div class=\"c-pdt__section c-pdt__section--columns\">\n<div id=\"disclaimer\" class=\"\">\n<p class=\"u-h2 u-mb-3\">Nicotine bon \u00e0 savoir<\/p>\n<div class=\"c-card c-pdt-disclaimer__card c-pdt-disclaimer__card--attention\">\n<div class=\"c-pdt-disclaimer__heading\">\n<div class=\"u-ml-1\">\n<p class=\"u-h4 u-txt-white u-mb-0\">Attention<\/p>\n<p class=\"u-mb-0\">Entre 0.25% et 1.66% m\/m de Nicotine<\/p>\n<p class=\"u-mb-0\">Nocif en cas d&rsquo;ingestion<\/p>\n<\/div>\n<\/div>\n<div class=\"c-pdt-disclaimer__content\">\n<p class=\"u-h4 u-mb-1\">Conseils de prudence<\/p>\n<ul>\n<li>P101 : En cas de consultation d&rsquo;un m\u00e9decin, garder \u00e0 disposition le r\u00e9cipient ou l&rsquo;\u00e9tiquette<\/li>\n<li>P102 : Tenir hors de port\u00e9e des enfants<\/li>\n<li>Se laver les mains soigneusement apr\u00e8s manipulation<\/li>\n<li>P270 : Ne pas manger, boire ou fumer en manipulant le produit<\/li>\n<li>P301+312 : Appeler un CENTRE ANTI-POISON ou un m\u00e9decin en cas de malaise<\/li>\n<li>P330 : Rincer la bouche<\/li>\n<li>EMBALLAGE : Indice tactile de danger<\/li>\n<\/ul>\n<\/div>\n<\/div>\n<div class=\"c-card c-pdt-disclaimer__card c-pdt-disclaimer__card--danger\">\n<div class=\"c-pdt-disclaimer__heading\">\n<div class=\"u-ml-1\">\n<p class=\"u-h4 u-txt-white u-mb-0\">Danger<\/p>\n<p class=\"u-mb-0\">Au-del\u00e0 de 1.66% m\/m de Nicotine<\/p>\n<p class=\"u-mb-0\">Toxique en cas d&rsquo;ingestion<\/p>\n<\/div>\n<\/div>\n<div class=\"c-pdt-disclaimer__content\">\n<p class=\"u-h4 u-mb-1\">Conseils de prudence<\/p>\n<ul>\n<li>P101 : En cas de consultation d&rsquo;un m\u00e9decin, garder \u00e0 disposition le r\u00e9cipient ou l&rsquo;\u00e9tiquette<\/li>\n<li>P102 : Tenir hors de port\u00e9e des enfants<\/li>\n<li>Se laver les mains soigneusement apr\u00e8s manipulation<\/li>\n<li>P270 : Ne pas manger, boire ou fumer en manipulant le produit<\/li>\n<li>EN CAS DE CONTACT AVEC LA PEAU : laver abondamment \u00e0 l&rsquo;eau et au savon<\/li>\n<li>P301+310 : Appeler imm\u00e9diatement un CENTRE ANTI-POISON ou un m\u00e9decin en cas de malaise<\/li>\n<li>P405 : Garder sous cl\u00e9<\/li>\n<li>EMBALLAGE : Fermeture de s\u00e9curit\u00e9 pour un enfant et indice tactile de danger<\/li>\n<\/ul>\n<\/div>\n<\/div>\n<\/div>\n<\/div>\n<div class=\"c-pdt__section c-pdt__section--columns\">\n<div id=\"manufacturer\" class=\"\">\n<div class=\"u-p-rel u-mb-1\">\n<div class=\"c-pdt__manu-thumbnail\"><img loading=\"lazy\" decoding=\"async\" class=\"u-img-fluid\" src=\"https:\/\/media.taklope.com\/c\/1806-category_default\/joe-s-juice.jpg\" alt=\"Joe's Juice\" width=\"250\" height=\"50\" \/><\/div>\n<p>Joe&rsquo;s Juice<\/p>\n<\/div>\n<div id=\"readmore-pdt-manufacturer\" class=\"c-pdt__manu-desc\">\n<p class=\"u-fiv\">Fabricant d\u2019e-liquides pour cigarette \u00e9lectronique, la marque anglaise Joe&rsquo;s Juice saura faire le bonheur des vapoteurs au grand estomac avec des jus XXL, au format de 200ml et \u00e0 prix tr\u00e8s comp\u00e9titif.<\/p>\n<\/div>\n<\/div>\n<\/div>\n<\/div>\n<hr data-start=\"600\" data-end=\"603\" \/>\n","protected":false},"excerpt":{"rendered":"<p><span style=\"color: red;\">Popcorn &#8211; Caramel au beurre &#8211; 200ml &#8211; 30\/70 PG VG &#8211; 0 mg<\/span><\/p>\n","protected":false},"featured_media":2139,"comment_status":"open","ping_status":"closed","template":"","meta":{"slim_seo":{"title":"E-liquide Butterscotch Popcorn 200ml P\u00fcd - Joe's Juice - Vapote-Shop","description":"Popcorn - Caramel au beurre - 200ml - 30\/70 PG VG - 0 mg"}},"product_brand":[96],"product_cat":[97,52],"product_tag":[],"class_list":{"0":"post-2138","1":"product","2":"type-product","3":"status-publish","4":"has-post-thumbnail","6":"product_brand-joes-juice","7":"product_cat-e-liquide-200ml","8":"product_cat-meilleures-ventes","10":"first","11":"instock","12":"featured","13":"shipping-taxable","14":"purchasable","15":"product-type-simple"},"_links":{"self":[{"href":"https:\/\/www.vapote-shop.fr\/index.php\/wp-json\/wp\/v2\/product\/2138","targetHints":{"allow":["GET"]}}],"collection":[{"href":"https:\/\/www.vapote-shop.fr\/index.php\/wp-json\/wp\/v2\/product"}],"about":[{"href":"https:\/\/www.vapote-shop.fr\/index.php\/wp-json\/wp\/v2\/types\/product"}],"replies":[{"embeddable":true,"href":"https:\/\/www.vapote-shop.fr\/index.php\/wp-json\/wp\/v2\/comments?post=2138"}],"wp:featuredmedia":[{"embeddable":true,"href":"https:\/\/www.vapote-shop.fr\/index.php\/wp-json\/wp\/v2\/media\/2139"}],"wp:attachment":[{"href":"https:\/\/www.vapote-shop.fr\/index.php\/wp-json\/wp\/v2\/media?parent=2138"}],"wp:term":[{"taxonomy":"product_brand","embeddable":true,"href":"https:\/\/www.vapote-shop.fr\/index.php\/wp-json\/wp\/v2\/product_brand?post=2138"},{"taxonomy":"product_cat","embeddable":true,"href":"https:\/\/www.vapote-shop.fr\/index.php\/wp-json\/wp\/v2\/product_cat?post=2138"},{"taxonomy":"product_tag","embeddable":true,"href":"https:\/\/www.vapote-shop.fr\/index.php\/wp-json\/wp\/v2\/product_tag?post=2138"}],"curies":[{"name":"wp","href":"https:\/\/api.w.org\/{rel}","templated":true}]}}